{"id":83,"date":"2012-02-10T16:56:16","date_gmt":"2012-02-10T15:56:16","guid":{"rendered":"http:\/\/www.muenster.org\/hansahof\/wordpress\/?page_id=83"},"modified":"2025-06-23T17:18:45","modified_gmt":"2025-06-23T16:18:45","slug":"kontakt","status":"publish","type":"page","link":"https:\/\/www.muenster.org\/hansahof\/?page_id=83","title":{"rendered":"Kontakt"},"content":{"rendered":"<h2><span style=\"font-size: 18pt;\">Zentrale Lage in der Innenstadt M\u00fcnsters:<\/span><\/h2>\n<p><span style=\"font-size: 18pt;\">Sie finden uns in der Aegidiistra\u00dfe 67 &#8211; am Aegidiimarkt gegen\u00fcber der Volkshochschule.<\/span><br \/>\n<span style=\"font-size: 18pt;\">Wir sind gut zu erreichen mit dem \u00f6ffentlichen Nahverkehr, mit den Bussen der Linien 2,4,9,10, 11 und 14.<\/span><\/p>\n<p><img loading=\"lazy\" decoding=\"async\" class=\"aligncenter size-full wp-image-3230\" src=\"https:\/\/www.muenster.org\/hansahof\/wp-content\/uploads\/2025\/06\/Vorstand-Seniorentreff-2025-scaled.jpg\" alt=\"\" width=\"2560\" height=\"1841\" abc=\"https:\/\/www.muenster.org\/hansahof\/wp-content\/uploads\/2025\/06\/Vorstand-Seniorentreff-2025-scaled.jpg 2560w, https:\/\/www.muenster.org\/hansahof\/wp-content\/uploads\/2025\/06\/Vorstand-Seniorentreff-2025-300x216.jpg 300w, https:\/\/www.muenster.org\/hansahof\/wp-content\/uploads\/2025\/06\/Vorstand-Seniorentreff-2025-1024x736.jpg 1024w, https:\/\/www.muenster.org\/hansahof\/wp-content\/uploads\/2025\/06\/Vorstand-Seniorentreff-2025-768x552.jpg 768w, https:\/\/www.muenster.org\/hansahof\/wp-content\/uploads\/2025\/06\/Vorstand-Seniorentreff-2025-1536x1105.jpg 1536w, https:\/\/www.muenster.org\/hansahof\/wp-content\/uploads\/2025\/06\/Vorstand-Seniorentreff-2025-2048x1473.jpg 2048w, https:\/\/www.muenster.org\/hansahof\/wp-content\/uploads\/2025\/06\/Vorstand-Seniorentreff-2025-417x300.jpg 417w\" sizes=\"auto, (max-width: 2560px) 100vw, 2560px\" \/><\/p>\n<p>&nbsp;<\/p>\n<h2 style=\"text-align: left;\"><span style=\"font-size: 12pt;\"><span style=\"font-size: 20pt;\">Das Team vom Hansahof (v.l):\u00a0<\/span> <\/span><\/h2>\n<p><span style=\"font-size: 18pt;\">Annette Leineweber, Dr. Anne Janetzki,\u00a0 \u00a0 \u00a0 \u00a0 \u00a0 \u00a0 \u00a0 \u00a0 \u00a0 \u00a0 \u00a0 <\/span><span style=\"font-size: 18pt;\">2. Vorsitzender\u00a0 Georg Wetterau,\u00a0 \u00a0 \u00a0 \u00a0 \u00a0 \u00a0 \u00a0 \u00a0 \u00a0 \u00a0 \u00a0 \u00a0 Renate Homann,Ludger Homann,Heike Bu\u00df <\/span><span style=\"font-size: 18pt;\">1.Vorsitzender Ulrich Pauli , Cornelia Gro\u00dfe- Oetringhaus<\/span><\/p>\n<h2 style=\"text-align: left;\"><\/h2>\n<h2><\/h2>\n<h2 style=\"text-align: left;\"><span style=\"font-size: 14pt;\">\u00d6ffnungszeiten:<\/span><\/h2>\n<p style=\"text-align: left;\"><span style=\"font-size: 14pt;\">Montag bis Freitag von 13.30 bis 18.00 Uhr<\/span><\/p>\n<p><span style=\"font-size: 14pt;\">\u00d6ffnungszeit B\u00fcro: Freitags 9.00 bis 12.00 Uhr<\/span><\/p>\n<h2 style=\"text-align: left;\"><span style=\"font-size: 14pt;\">Service:<\/span><\/h2>\n<p style=\"text-align: left;\"><span style=\"font-size: 14pt;\">Die Gastgeberrinnen, ehrenamtliche Helferinnen und Helfer, sorgen f\u00fcr einen liebevollen Service.<\/span><br \/>\n<span style=\"font-size: 14pt;\">Kommen Sie, auch zum Kl\u00f6nen, bei einer Tasse Kaffee und einem St\u00fcck Kuchen!<\/span><\/p>\n<h1><span style=\"font-size: 20pt;\">Impressum<\/span><\/h1>\n<p><span style=\"font-size: 14pt;\">Angaben gem\u00e4\u00df \u00a7 5 TMG:<\/span><\/p>\n<p><span style=\"font-size: 14pt;\">Seniorentreff Hansahof e. V.<\/span><br \/>\n<span style=\"font-size: 14pt;\">Aegidiistra\u00dfe 67<\/span><br \/>\n<span style=\"font-size: 14pt;\">48143 M\u00fcnster<\/span><\/p>\n<h2><span style=\"font-size: 14pt;\">Vertreten durch:<\/span><\/h2>\n<p><span style=\"font-size: 14pt;\">1. Vorsitzender Ulrich Pauli\u00a0<\/span><\/p>\n<p><span style=\"font-size: 14pt;\">2. Vorsitzender Georg Wetterau<\/span><span style=\"font-size: 14pt;\">.<\/span><\/p>\n<h2><span style=\"font-size: 14pt;\">Kontakt:<\/span><\/h2>\n<table>\n<tbody>\n<tr>\n<td><span style=\"font-size: 14pt;\">Telefon: 0251-54167<\/span><\/td>\n<td><\/td>\n<\/tr>\n<tr>\n<td>E-Mail:seniorentreff-hansahof@t-online.de<\/td>\n<td><\/td>\n<\/tr>\n<tr>\n<td>Internet: www.muenster.org\/hansahof<\/td>\n<td>&#8230;<\/td>\n<\/tr>\n<\/tbody>\n<\/table>\n<h2>Registereintrag:<\/h2>\n<p>Eintragung im Vereinsregister.<br \/>\nRegistergericht: Amtsgericht M\u00fcnster<br \/>\nRegisternummer: VR 4491<\/p>\n<p>Quelle: <em>Erstellt durch den <a href=\"http:\/\/www.e-recht24.de\/news\/haftunginhalte\/6520-impressum-eingetragener-verein-ev.html\" target=\"_blank\" rel=\"noopener\">Impressum-Generator f\u00fcr eingetragene Vereine (e. V.)<\/a> von e-recht24.de.<\/em><\/p>\n<h2>Haftungsausschluss:<\/h2>\n<p><strong>Haftung f\u00fcr Inhalte<\/strong><\/p>\n<p>Die Inhalte unserer Seiten wurden mit gr\u00f6\u00dfter Sorgfalt erstellt. F\u00fcr die Richtigkeit, Vollst\u00e4ndigkeit und Aktualit\u00e4t der Inhalte k\u00f6nnen wir jedoch keine Gew\u00e4hr \u00fcbernehmen. Als Diensteanbieter sind wir gem\u00e4\u00df \u00a7 7 Abs.1 TMG f\u00fcr eigene Inhalte auf diesen Seiten nach den allgemeinen Gesetzen verantwortlich. Nach \u00a7\u00a7 8 bis 10 TMG sind wir als Diensteanbieter jedoch nicht verpflichtet, \u00fcbermittelte oder gespeicherte fremde Informationen zu \u00fcberwachen oder nach Umst\u00e4nden zu forschen, die auf eine rechtswidrige T\u00e4tigkeit hinweisen. Verpflichtungen zur Entfernung oder Sperrung der Nutzung von Informationen nach den allgemeinen Gesetzen bleiben hiervon unber\u00fchrt. Eine diesbez\u00fcgliche Haftung ist jedoch erst ab dem Zeitpunkt der Kenntnis einer konkreten Rechtsverletzung m\u00f6glich. Bei Bekanntwerden von entsprechenden Rechtsverletzungen werden wir diese Inhalte umgehend entfernen.<\/p>\n<p><strong>Haftung f\u00fcr Links<\/strong><\/p>\n<p>Unser Angebot enth\u00e4lt Links zu externen Webseiten Dritter, auf deren Inhalte wir keinen Einfluss haben. Deshalb k\u00f6nnen wir f\u00fcr diese fremden Inhalte auch keine Gew\u00e4hr \u00fcbernehmen. F\u00fcr die Inhalte der verlinkten Seiten ist stets der jeweilige Anbieter oder Betreiber der Seiten verantwortlich. Die verlinkten Seiten wurden zum Zeitpunkt der Verlinkung auf m\u00f6gliche Rechtsverst\u00f6\u00dfe \u00fcberpr\u00fcft. Rechtswidrige Inhalte waren zum Zeitpunkt der Verlinkung nicht erkennbar. Eine permanente inhaltliche Kontrolle der verlinkten Seiten ist jedoch ohne konkrete Anhaltspunkte einer Rechtsverletzung nicht zumutbar. Bei Bekanntwerden von Rechtsverletzungen werden wir derartige Links umgehend entfernen.<\/p>\n<p><strong>Urheberrecht<\/strong><\/p>\n<p>Die durch die Seitenbetreiber erstellten Inhalte und Werke auf diesen Seiten unterliegen dem deutschen Urheberrecht. Die Vervielf\u00e4ltigung, Bearbeitung, Verbreitung und jede Art der Verwertung au\u00dferhalb der Grenzen des Urheberrechtes bed\u00fcrfen der schriftlichen Zustimmung des jeweiligen Autors bzw. Erstellers. Downloads und Kopien dieser Seite sind nur f\u00fcr den privaten, nicht kommerziellen Gebrauch gestattet. Soweit die Inhalte auf dieser Seite nicht vom Betreiber erstellt wurden, werden die Urheberrechte Dritter beachtet. Insbesondere werden Inhalte Dritter als solche gekennzeichnet. Sollten Sie trotzdem auf eine Urheberrechtsverletzung aufmerksam werden, bitten wir um einen entsprechenden Hinweis. Bei Bekanntwerden von Rechtsverletzungen werden wir derartige Inhalte umgehend entfernen.<\/p>\n<p><strong>Datenschutz<\/strong><\/p>\n<p>Die Nutzung unserer Webseite ist in der Regel ohne Angabe personenbezogener Daten m\u00f6glich. Soweit auf unseren Seiten personenbezogene Daten (beispielsweise Name, Anschrift oder eMail-Adressen) erhoben werden, erfolgt dies, soweit m\u00f6glich, stets auf freiwilliger Basis. Diese Daten werden ohne Ihre ausdr\u00fcckliche Zustimmung nicht an Dritte weitergegeben.<\/p>\n<p>Wir weisen darauf hin, dass die Daten\u00fcbertragung im Internet (z.B. bei der Kommunikation per E-Mail) Sicherheitsl\u00fccken aufweisen kann. Ein l\u00fcckenloser Schutz der Daten vor dem Zugriff durch Dritte ist nicht m\u00f6glich.<\/p>\n<p>Der Nutzung von im Rahmen der Impressumspflicht ver\u00f6ffentlichten Kontaktdaten durch Dritte zur \u00dcbersendung von nicht ausdr\u00fccklich angeforderter Werbung und Informationsmaterialien wird hiermit ausdr\u00fccklich widersprochen. Die Betreiber der Seiten behalten sich ausdr\u00fccklich rechtliche Schritte im Falle der unverlangten Zusendung von Werbeinformationen, etwa durch Spam-Mails, vor.<\/p>\n<p><em>Quellverweis: <a href=\"http:\/\/www.e-recht24.de\/muster-disclaimer.htm\" target=\"_blank\" rel=\"noopener\">Disclaimer eRecht24<\/a><\/em><\/p>\n","protected":false},"excerpt":{"rendered":"<p>Zentrale Lage in der Innenstadt M\u00fcnsters: Sie finden uns in der Aegidiistra\u00dfe 67 &#8211; am Aegidiimarkt gegen\u00fcber der Volkshochschule. Wir sind gut zu erreichen mit dem \u00f6ffentlichen Nahverkehr, mit den Bussen der Linien 2,4,9,10, 11 und 14. &nbsp; Das Team &hellip; <a href=\"https:\/\/www.muenster.org\/hansahof\/?page_id=83\">Continue reading <span class=\"meta-nav\">&rarr;<\/span><\/a><\/p>\n","protected":false},"author":1,"featured_media":0,"parent":0,"menu_order":8,"comment_status":"closed","ping_status":"closed","template":"","meta":{"footnotes":""},"class_list":["post-83","page","type-page","status-publish","hentry","gallery-content-unit"],"_links":{"self":[{"href":"https:\/\/www.muenster.org\/hansahof\/index.php?rest_route=\/wp\/v2\/pages\/83","targetHints":{"allow":["GET"]}}],"collection":[{"href":"https:\/\/www.muenster.org\/hansahof\/index.php?rest_route=\/wp\/v2\/pages"}],"about":[{"href":"https:\/\/www.muenster.org\/hansahof\/index.php?rest_route=\/wp\/v2\/types\/page"}],"author":[{"embeddable":true,"href":"https:\/\/www.muenster.org\/hansahof\/index.php?rest_route=\/wp\/v2\/users\/1"}],"replies":[{"embeddable":true,"href":"https:\/\/www.muenster.org\/hansahof\/index.php?rest_route=%2Fwp%2Fv2%2Fcomments&post=83"}],"version-history":[{"count":27,"href":"https:\/\/www.muenster.org\/hansahof\/index.php?rest_route=\/wp\/v2\/pages\/83\/revisions"}],"predecessor-version":[{"id":3235,"href":"https:\/\/www.muenster.org\/hansahof\/index.php?rest_route=\/wp\/v2\/pages\/83\/revisions\/3235"}],"wp:attachment":[{"href":"https:\/\/www.muenster.org\/hansahof\/index.php?rest_route=%2Fwp%2Fv2%2Fmedia&parent=83"}],"curies":[{"name":"wp","href":"https:\/\/api.w.org\/{rel}","templated":true}]}}